nder when z(0) is divided by 22.
21
Suppose -3*k = -4*j - 25, 14 = -5*j - 0*j - 2*k. Let b = j + 16. What is the remainder when 59 is divided by b?
11
Suppose 0 = -0*z + 2*z. Suppose -34 = -2*y - z*y. Calculate the remainder when y is divided by 6.
5
Suppose 4*g + a - 61 = 0, -4*g - 4*a + 34 = -2*g. Calculate the remainder when 1/(12/g)*12 is divided by ((-4)/(-5))/((-1)/(-10)).
7
Let k(j) = 4*j**2 - 3*j - 3. What is the remainder when k(-2) is divided by 11?
8
Suppose -43 - 42 = -5*q. Let c(b) = 2*b + 6. Let x be c(-3). Suppose x = -u + 6. Calculate the remainder when q is divided by u.
5
Let y(s) = s**3 + 19*s**2 - 23*s - 22. What is the remainder when 73 is divided by y(-20)?
35
Suppose -2*g + g - 15 = -4*z, -z - g = 0. Suppose 2*s + 31 = z*s. What is the remainder when s is divided by (-2)/6*3 + 9?
7
Suppose -5*t + 65 = 5*h, 2*h + 3*t - 2*t = 23. Calculate the remainder when (-52)/6*(-15)/h is divided by 3.
1
Suppose 0 = -q + 2*q. Suppose 2*a + 0*a - 38 = q. What is the remainder when a is divided by 16/2 + 3 + 0?
8
Suppose -5 + 13 = 4*a. Suppose -h - a*h - 5*l + 261 = 0, 3*h = 5*l + 261. What is the remainder when h is divided by 22?
21
Suppose -y + h + 2 = 0, -7*y = -6*y + 5*h + 4. Let c = -1 - -5. Suppose 0 = -c*f + 8. Calculate the remainder when f is divided by y.
0
Let w be (8 + -3)*1 - -3. Let c(i) = -i**2 + 10*i - 6. Calculate the remainder when c(w) is divided by 3.
1
Suppose 3*g = 5*g - 14. Calculate the remainder when 18 is divided by 144/14 - 2/g.
8
Let s(x) = 4*x + 1. Let f(o) = -12*o - 3. Let i(m) = -3*f(m) - 8*s(m). What is the remainder when i(7) is divided by 10?
9
Suppose 5*h - 4*u - 35 = u, -3*h = 3*u - 3. Suppose 4*c - 14 = -5*w + 4*w, -42 = -3*w - h*c. Let y = -52 + 78. What is the remainder when y is divided by w?
12
Let u(y) = y**2 - 4*y + 7. What is the remainder when u(5) is divided by 9?
3
Let j(n) = -1. Let z(c) = 2*c - 1. Let g(i) = -2*j(i) - z(i). Let r = 61 - 30. Calculate the remainder when r is divided by g(-4).
9
Let y = -12 - -16. Calculate the remainder when 2/(-7) + 200/14 is divided by y - 2 - 2/(-1).
2
Suppose 3*h + 346 = 4*p, h = 3*h - 4. Suppose -116 = -3*w + p. Calculate the remainder when w is divided by 18.
14
Suppose 3*l + 5*r - 59 = 0, 3 = -r + 1. Suppose 0 = -f - 2 + 15. Calculate the remainder when l is divided by f.
10
Suppose -2*z - z + 4*h = 10, -4*z + 2*h = 0. Let t(u) = 7*u**2 - 2*u. Let v = -134 - -204. What is the remainder when v is divided by t(z)?
22
Suppose n - 5*q + 6 = 17, 5*q = -5*n + 115. What is the remainder when n is divided by 15?
6
Suppose -78 = -5*w - 3*k, -4*w - 5 = 3*k - 68. What is the remainder when 27 is divided by w?
12
Suppose 0*i - 10 = -5*i. Suppose s - 4*k + 3*k + i = 0, 4*k + 10 = -5*s. What is the remainder when (-6)/(1 - s)*-17 is divided by 18?
16
Let o = 6 - 4. Let p = -8 - -10. What is the remainder when p is divided by o?
0
Let x = 16 - 9. Calculate the remainder when x is divided by 5.
2
Suppose -7*v + 3*v = -12. What is the remainder when 12 is divided by v?
0
Let h(m) = -m**3 - 7*m**2 - 7*m - 2. Calculate the remainder when h(-6) is divided by 2.
0
Suppose -4*w + 0*w = -c + 23, -36 = -3*c + w. What is the remainder when 31 is divided by c?
9
Let c = -4 - -12. Suppose -5*a + 2 = -18. Suppose -w = p - 15, -5*w - a*p + 73 = -p. Calculate the remainder when w is divided by c.
6
What is the remainder when (18*4)/3 + (0 - -3) is divided by 10?
7
Let b(x) be the third derivative of 2*x**2 + 5/24*x**4 - 1/2*x**3 + 0 + 0*x. Calculate the remainder when 12 is divided by b(2).
5
Suppose 0 = 3*z + 150 - 15. Let v = z + 103. What is the remainder when v is divided by 20?
18
Let z(k) = k**2 - k - 2. Let s be z(3). Suppose 36 = s*n - 0*n. Calculate the remainder when (3 + -4)/((-1)/25) is divided by n.
7
Suppose 2*x + 45 = 11*x. What is the remainder when 28 is divided by x?
3
Let q(h) = 17*h**3 + 2*h**2 - 3*h - 4. Let d(w) = -16*w**3 - 2*w**2 + 2*w + 3. Let a(z) = 5*d(z) + 4*q(z). Calculate the remainder when 21 is divided by a(-1).
10
Let t be (0 - 2/2) + 0. Calculate the remainder when (t + 9)*17/4 is divided by (-1)/(-4) + (-47)/(-4).
10
Let n = 0 - 0. Let k = n + 16. Suppose -2*u + k = 2. What is the remainder when 12 is divided by u?
5
Suppose 0 = 22*i - 24*i + 12. Calculate the remainder when 12 is divided by i.
0
Let g = 9 - -3. What is the remainder when g is divided by (-3)/9 + 32/6?
2
Suppose 40 + 34 = -2*l. Let f = l - -58. Calculate the remainder when f is divided by (-66)/(-4)*2/3.
10
Suppose -4*i + 4 = -12. Calculate the remainder when 5 is divided by i.
1
Suppose 0 = 5*a + 4*s - 36 + 9, a - 2*s = -3. Calculate the remainder when (2/4)/(a/42) is divided by 5.
2
Calculate the remainder when 33 is divided by ((-3 - -4) + -10)*-2.
15
Suppose 0 = -n + 1, 0*a + 3*n = a - 19. Suppose 94 = 3*l - 29. Calculate the remainder when l is divided by a.
19
Suppose 4*w + 320 = 8*w. What is the remainder when w is divided by 41?
39
Let y = -2 + 3. Let v = 20 + y. Calculate the remainder when v is divided by 6.
3
Let v(u) be the third derivative of u**5/5 + u**4/24 + u**3/6 - 2*u**2. Calculate the remainder when 47 is divided by v(-1).
11
Let t = -17 - -23. What is the remainder when 21 is divided by t?
3
Suppose 75*z + 408 = 79*z. What is the remainder when z is divided by 21?
18
Suppose -f + 5*f = 8. Let n = -35 + 26. What is the remainder when f is divided by 7 - n/(-3) - 2?
0
What is the remainder when (-1)/(1/((-52)/2)) is divided by (1 - 2) + (-2 - -12)?
8
Let l(q) = -q**3 - 6*q**2 + 10*q - 4. Let d be -7 + 2 + -2 + -1. Calculate the remainder when l(d) is divided by 15.
14
Suppose 8*s = 4*s - 2*u + 112, -4*s = 5*u - 124. Calculate the remainder when s is divided by 10.
6
Suppose 0 = 5*w - 2*w - 27. Suppose s = 5*c + 25, 0*s - s + c + 33 = 0. Calculate the remainder when s is divided by w.
8
Let t = 213 + -121. Let u = t - 37. Calculate the remainder when u is divided by (-19*(0 + 1))/(-1).
17
Suppose 2*n + t - 49 = -0*n, -5*n + 124 = 2*t. What is the remainder when 153 is divided by n?
23
Let r be (-40)/16 - (-2)/(-4). Let c = r + 9. Calculate the remainder when 27 is divided by c.
3
Let i = 0 + 2. Suppose 10 = -i*q, -d + 41 = d - q. Let u = 59 - d. Calculate the remainder when u is divided by 14.
13
Let s be ((-3)/((-6)/(-98)))/1. Let g(m) = 20*m**3 - m**2 + 1. Let y be g(-1). Let r = y - s. What is the remainder when r is divided by 10?
9
Let x = -16 + 39. Let q = -8 + x. Calculate the remainder when q is divided by 6.
3
Let f(z) = 16*z - 1. Suppose v + p - 35 = 0, v = -2*v - 5*p + 109. Suppose 5*u + 8 + 99 = 4*k, k + 5*u - v = 0. What is the remainder when k is divided by f(1)?
13
Let w(t) = t**2 - 5*t + 2. Let o be w(7). Suppose -3*z = -4*z + o. What is the remainder when z is divided by -3 - ((-12)/(-16))/((-1)/16)?
7
Suppose -4*t = -5*v, v - 5*t = 3*v. Let s = v + 57. What is the remainder when s is divided by 15?
12
Suppose 3*h + 15 = 4*y - 109, -2*y = 2*h - 48. Suppose -5 = 2*c + 5, -2*x = -4*c - y. Calculate the remainder when 15 is divided by x.
3
Suppose w + 18 = 5*i - 0*w, 0 = 5*i + 3*w - 6. Suppose -i*l + l = -122. Calculate the remainder when l is divided by (2/(-4))/1*-32.
13
Let a be (-2)/(-9) + 48/27. Let p be 0 + a*1/(-1). What is the remainder when 25 is divided by 6*2 - 2/p?
12
Let o = -1 + 6. Suppose -o*k + 9 = -2*k. What is the remainder when 8 is divided by k?
2
Suppose 52*v = 50*v + 136. Calculate the remainder when v is divided by 23.
22
Suppose 4*l - 45 = 139. Calculate the remainder when l is divided by 12.
10
Let t be ((3 + -3)*-1)/(-2). Suppose 4*m + t*m - 62 = 2*z, 3*z = 4*m - 63. What is the remainder when m is divided by 8?
7
What is the remainder when 62 is divided by 3*66/9 + -1?
20
Suppose -8 = 3*x - x. What is the remainder when 38 is divided by (-13*2)/(x + 2)?
12
Let q(a) = 4*a - 11. Suppose -2*b = -9 - 13. What is the remainder when q(b) is divided by 12?
9
Let j(k) = k**3 + 7*k**2 + 13*k + 21. Let a(s) = 3*s**2 + 2*s + 2. Calculate the remainder when j(-4) is divided by a(-2).
7
Let p(d) = 5*d + 8. What is the remainder when p(4) is divided by -1 - ((-1 - -2) + -17)?
13
Suppose 4*p + t - 212 = 0, p + p - 92 = 3*t. Calculate the remainder when p is divided by (-2)/(-16) + (-1)/((-8)/143).
16
Let w = -39 + 77. Let a(g) =